the prime factors of p?
2, 3
Let f(s) = -s**3 + 13*s**2 - 14*s + 18. What are the prime factors of f(8)?
2, 113
Suppose -5*a - 79 = 2*p, a - 84 = 3*p - 3*a. List the prime factors of (-1)/3 + p/(-6) + -2.
3
Let m be (-4)/(-20) - 87/(-15). Suppose -196 = -m*x + 2*x. List the prime factors of (-1)/(-3)*(2 + x).
17
What are the prime factors of 10/((-13)/((-10725)/5780) + -7)?
2, 3, 5, 11
Let w = 2803 + 1576. What are the prime factors of w?
29, 151
What are the prime factors of (177/(-18))/(10/5220*-3)?
29, 59
Suppose 2*t - 540 = -3*d, -2*t - d + 630 = 94. What are the prime factors of t?
3, 89
Let q(l) = -l**2 + 10*l - 8. Let h be q(7). Let a = 18 - h. Suppose -3*n + 0 = 6, a*c - n = 67. What are the prime factors of c?
13
Let w = 42 + -19. Let p = w - 16. What are the prime factors of 7/(p/(-3)) - -29?
2, 13
Let u = 1403 + -555. What are the prime factors of u?
2, 53
Suppose -2*t = -3*j - 10489, -41*t = -45*t - j + 21013. What are the prime factors of t?
2, 13, 101
Let t(p) = -3*p + 6. Suppose -5*j - 10 = -0*j. Let w(g) = -2*g + 7. Let s(a) = j*w(a) + 3*t(a). What are the prime factors of s(-7)?
3, 13
Let y(q) = -q**3 - 3*q**2 + 17*q - 4. Let o be y(-6). Suppose -o*k + 7*k = 900. What are the prime factors of k?
2, 3, 5
Let x be 9/((-21)/(-6) + -4). List the prime factors of 83/6 - 3/x.
2, 7
Let c be (3 + ((-60)/8)/5)*18. Let t = c - 16. What are the prime factors of t?
11
Suppose -5*w - 153 = u, 2*u + 3*w + 261 = 8*w. Let r = 20 - u. List the prime factors of r.
2, 79
Suppose -r = -4*v + 20, v + 8 = -2*r + 4. Suppose -v*q = -2*p + q + 90, 2*p - 82 = 3*q. List the prime factors of p.
5, 7
Suppose w - 36 = -3*w. List the prime factors of (9/(-6))/1*(-726)/w.
11
Let o(j) = 2*j**3 + j**2 + 0*j**3 - 6*j**2 + 4*j + 1 - j. Let f = -8 + 11. What are the prime factors of o(f)?
19
Let c(l) = -123*l - 76. What are the prime factors of c(-21)?
23, 109
Suppose 626*v - 634*v + 2312 = 0. What are the prime factors of v?
17
Let q be (21/14 + 0)/(1/2). Suppose -3*p + 6*p - 281 = t, -2*t + 284 = q*p. What are the prime factors of p?
2, 47
Suppose -7*d - 1307 = 394. Let j = d + 428. What are the prime factors of j?
5, 37
Suppose 3*k - 2*i = 7, 0 = i - 2*i - 2. What are the prime factors of -12 + 133 + k + -3?
7, 17
Let y = 306 + 12. What are the prime factors of y?
2, 3, 53
Let d(s) be the third derivative of s**4/8 - 7*s**3/6 + 12*s**2. List the prime factors of d(10).
23
Let o(h) = -h**3 + 23*h**2 + 26*h - 22. List the prime factors of o(18).
2, 1033
Let l = 21 + -17. Suppose 0 = 5*u - l*a - 601, 0*a + 4*a = 2*u - 238. What are the prime factors of u?
11
Let b = -196 + 239. Suppose -k - 1 + 3 = 0. Suppose k*t + 7 = b. List the prime factors of t.
2, 3
Suppose -3*j - 9 = -4*i + 20, 5*j + 15 = 0. Suppose -3*w + 296 = -4*h + 2*h, 2*h = i*w - 488. What are the prime factors of w?
2, 3
What are the prime factors of -50*1/4*(-290 - -8)?
3, 5, 47
Let l = -611 - -2501. What are the prime factors of l?
2, 3, 5, 7
Let i = 148 - 81. Let f = 24 + i. List the prime factors of f.
7, 13
Let l = 6069 - 2382. What are the prime factors of l?
3, 1229
Let x(i) = -i**3 + i**2 + 2*i - 10. Let p be x(-4). Let u = 25 + p. List the prime factors of u.
3, 29
Let d = -12 + 18. Let u be -2*(-5)/(5/d). List the prime factors of (-4)/u*(1 + -88).
29
Suppose -6*t + 10 + 20 = 0. Suppose 0*b + 3*m + 33 = 3*b, 79 = t*b + 3*m. What are the prime factors of b?
2, 7
Let a(w) = -12*w**2 - 4. Let g be a(2). Let j = g + 90. List the prime factors of j.
2, 19
Suppose 2*u + c - 84 = 0, 0 = -3*u + 2*c - c + 116. Let x = 79 - u. What are the prime factors of x?
3, 13
Suppose -g + 32 + 8 = 0. Let c = 45 - g. List the prime factors of c.
5
Suppose -6*j + 7*j = 4. Suppose 0 = 2*m - 6, -m = 5*o + j*m + 15. What are the prime factors of 2/3 + (-110)/o?
19
Suppose 6*a = 9*a - 2349. Let w = -555 + a. List the prime factors of w.
2, 3, 19
Suppose 21380 = 5*z - 3*j, -36*z + 41*z - 21375 = 4*j. List the prime factors of z.
11, 389
Suppose -7*x = -4*x - 11*x. Suppose 3*i = -x*i + 549. List the prime factors of i.
3, 61
Let f be -21 + (2 - 4) + 5. What are the prime factors of (-4 - 11)*4*21/f?
2, 5, 7
Suppose 4*l - 29 - 1 = 5*a, -l - 3*a = 1. Suppose 0*o - 35 = -l*o. Suppose o = -t + 19. What are the prime factors of t?
2, 3
Let n be ((-2)/(-3))/((-4)/(-30)). Suppose -5*l = 7*x - 2*x, -x - 24 = -n*l. Suppose 0 = -4*r + 5*y + 68, -r = -2*y - l - 13. List the prime factors of r.
17
Let q(r) = 2*r**2 + 14*r + 3. Let w(h) = 3*h**2 + 21*h + 5. Let s(m) = -8*q(m) + 5*w(m). Let g be s(-7). Suppose -g = -n + 2. List the prime factors of n.
3
Let c(y) = 2*y - 7. Let r be c(4). List the prime factors of 4 + (-2 - 0/r).
2
Let o(g) = -g**2 - 17*g - 28. Let x be o(-14). Let y(s) = 16*s - 69. What are the prime factors of y(x)?
5, 31
Let r(s) = -442*s + 1. List the prime factors of r(-1).
443
List the prime factors of (-24)/(-96) - 2439/(-4).
2, 5, 61
Let z be (-2)/4*0/2. Suppose z = -g + 3 - 18. Let c = g + 35. What are the prime factors of c?
2, 5
Suppose -z = -4*d - 0*z + 35, -4*z = 2*d - 22. Suppose 10*h - 71 = d*h. What are the prime factors of h?
71
Let g(u) = 9*u**2 + 103*u + 48. List the prime factors of g(14).
2, 1627
Suppose 0*v + 4*k = v - 147, 4*v - 2*k - 574 = 0. Let c = v - 31. Suppose 5*o - c = o. List the prime factors of o.
2, 7
Let b be 0/(-3) + -239 + 2. Let m = -162 - b. List the prime factors of m.
3, 5
Suppose 4*u + 161 = p, 3*u + u + 157 = -3*p. What are the prime factors of ((-90)/u)/(3/8)?
2, 3
Let z be -4 - ((-3)/3 - 2). Let q be z + 4 - (2 - -1). Suppose -5 = n - 4*v, n + 4*v - 12 + 1 = q. What are the prime factors of n?
3
Let l(p) = -6*p + 5 + 6 - p + p**2. Let r be l(6). What are the prime factors of (-4 - r)/(6/(-20))?
2, 3, 5
Let c(u) = -u**3 + 11*u**2 - 10*u + 12. Let o be c(8). Suppose -x = -3*x + o. What are the prime factors of x?
2, 31
Suppose -5*d + 6324 = -d + 4*a, -5*a = 4*d - 6327. What are the prime factors of d?
2, 3, 263
Let t(b) = 13 + 2*b + 0*b**2 + 0*b + 6*b**2 + 8*b. What are the prime factors of t(-6)?
13
Suppose -2*r = -550 - 1932. List the prime factors of r.
17, 73
What are the prime factors of ((-144)/30)/(3/(-285))?
2, 3, 19
Suppose 4 = 5*y - y. Let h(p) = p**2 + 3*p - 2. Let d be h(-4). What are the prime factors of -3 + d - (y - 27)?
5
Suppose 132*g = -2*g + 710066. List the prime factors of g.
7, 757
Let p be (-3 - -2)/(6/36). Let n(a) = -a**3 - 5*a**2 + 4*a - 7. Let d be n(p). Suppose -d = -m + 12. What are the prime factors of m?
17
Suppose -5*l + 3*w + 90 + 46 = 0, 2*l - w - 55 = 0. Suppose 0 = -3*n - p + 209, -l = -n - 4*p + 26. What are the prime factors of n?
71
Let j(i) = -i + 24. Let r be j(6). What are the prime factors of (-4)/r - 17196/(-108)?
3, 53
Suppose -4*y + 2 + 8 = -t, -3*t + 9 = y. Suppose -6*w + 160 = -t*w. List the prime factors of w.
2, 5
Suppose -5*m + 1625 = 2*t + t, 1616 = 3*t - 4*m. What are the prime factors of t?
2, 3, 5
Suppose -470 = -q + 910. List the prime factors of q.
2, 3, 5, 23
Suppose -l + 7 + 6 = 0. Let n = 20 + l. List the prime factors of n.
3, 11
Let p = 5 + -1. Suppose 3*d + g = -148, g = -p*d - 4 - 195. Let r = 79 + d. List the prime factors of r.
2, 7
Let x = 999 + -686. List the prime factors of x.
313
Let w(m) = 19*m - 59. Let t be w(-20). Let b = -304 - t. What are the prime factors of b?
3, 5
Let m(c) be the second derivative of -c**4/4 - 53*c**3/6 - 13*c**2/2 - 21*c. List the prime factors of m(-16).
67
Let j(l) = 20*l**2 - l + 38*l**2 + 2*l. Let s(q) = -q**3 - 19*q**2 - 32*q + 35. Let m be s(-17). What are the prime factors of j(m)?
59
What are the prime factors of 6/(-8)*(-401688)/189?
2, 797
Let f(s) = 193*s - 191. List the prime factors of f(4).
7, 83
Suppose -v + 2009 + 196 = 0. What are the prime factors of v?
3, 5, 7
Suppose -235 = -83*a + 78*a. Let n = a + 44. What are the prime factors of n?
7, 13
Let n(t) = 4*t**2 + 8*t - 6. Let r be n(9). Suppose r = 15*w - 2*w. List the prime factors of w.
2, 3, 5
Let u be (-10 - -6)*(-15)/12. Suppose 3*v = 2*a - 251, -3*a + 348 = -0*a + u*v. What are the prime factors of a?
11
Suppose 0 = 3*c + 3*s - 1131, 5*s + 880 + 219 = 3*c. List the prime factors of c.
373
Let o(r) = 2*r**3 + 20*r**2 + r + 9. Let i be o(-10). List the prime factors of (2 - i)/3*(272 + 6).
2, 139
Let